-3) + 0.
5
What is -2 + 2 - 0 - 6?
-6
Evaluate -1 + 3 + -3 - 2.
-3
Evaluate -1 + 1 - (-11 + 14) - -1.
-2
What is -6 + 8 + 6 + -7?
1
Calculate -5 + (-5 + -1 - -5).
-6
92 - 86 - (3 + 0)
3
-8 + (8 - 6) + -1
-7
Calculate (0 - (-3 + -1)) + 18 + -25.
-3
17 - 5 - (6 - 0)
6
What is the value of 6 - 2 - 4 - 3?
-3
What is 4 - (-2 + 5) - 3 - 1?
-3
What is the value of (-5 - 0) + 6 + -1 + -1?
-1
Evaluate -3 + 7 + -1 + -3.
0
What is the value of -8 - (-13 - (0 - 4))?
1
(-2 - 1) + (-2 - 9) + 15
1
What is the value of -2 + 2 - 3 - (16 - 16)?
-3
What is the value of -3 - (3 - 5) - (1 - 0)?
-2
What is -1 + 1 + -3 + 4?
1
0 + -7 - (18 - 20) - -8
3
What is -4 + (11 + -12 - -4)?
-1
What is -3 - (-3 + -2 - -2)?
0
Calculate (-7 + 13 - 10) + 0.
-4
6 - (14 - 8) - -3
3
-6 - (-2 - 0 - 4)
0
What is the value of 5 + -1 + -2 - 2?
0
-1 + -5 + -36 + 45
3
12 - (1 - (-8 - 3))
0
Evaluate (8 - 8) + -1 + 0 + -4.
-5
Calculate -5 - (1 - -2 - 6).
-2
0 - 7 - (-2 - 2)
-3
-8 - (11 + -16 - 3)
0
Evaluate (-8 - -11 - 3) + -3.
-3
Evaluate -4 + -1 + 3 - 3.
-5
What is the value of -46 - -47 - (0 - -2)?
-1
What is the value of (-6 + 2 - 2) + 6?
0
Evaluate 1 + -5 + -1 + 2.
-3
What is the value of -1 + -2 + 5 - (-6 + 2)?
6
14 - (13 + 21) - -14
-6
Calculate -7 + 24 + -6 + 1 - 6.
6
Calculate 21 - 29 - (-3 - -1).
-6
Calculate -5 + (4 - 0) + (-1 - 0).
-2
Calculate (-6 + 4 - 0) + 1.
-1
What is the value of 0 - (5 - -5 - 6)?
-4
Calculate 2 + -2 - (6 + -8).
2
Calculate -2 - (2 - (-1 + (4 - 2))).
-3
2 + -1 + (3 - 2) - -2
4
Calculate -2 + (3 - (4 - (4 + -1))).
0
What is the value of -3 + 6 + (-5 - -6) + 1?
5
What is 5 + -2 + -2 + -4 - 1?
-4
Evaluate 2 + -2 + 1 + -2.
-1
What is the value of 1 + -2 + -1 + 1?
-1
Calculate 0 - (-1 + 0) - (196 + -201).
6
What is -8 - -3 - (-2 + 6)?
-9
Calculate 7 + (-13 + 14 - 11).
-3
Evaluate 2 + -9 - (-10 + 2).
1
Evaluate 8 + (6 - 3 - 10).
1
What is 1 - -1 - -5 - (-8 - -10)?
5
Evaluate -3 - (-3 + 3 + -2).
-1
-1 + (3 - (-7 - -12))
-3
Evaluate -1 + (-1 - (5 - 4)) + -1.
-4
Calculate -4 + (1 - (3 + -11 + 6)).
-1
What is the value of -5 + (0 - (2 - 4))?
-3
Evaluate (4 - (18 + -6)) + 2.
-6
What is the value of (-1 - -3) + 0 + 2?
4
Calculate -17 - 2 - -10 - (-1 - 2).
-6
What is 7 - (-2 + 1 + -6 - -5)?
9
Evaluate 5 - ((-3 - -7) + 1 + -4).
4
Evaluate 0 - (-1 + 5 + -2).
-2
What is the value of 4 + (-9 - -8) - 9?
-6
4 - 2 - -1 - -2
5
Evaluate (1 - -5) + -9 + 0.
-3
Evaluate -4 - (-7 + 0) - (1 + -1).
3
1 + 3 + -10 + (6 - 3)
-3
What is (-1 + 0 - 3) + -48 + 53?
1
-7 + 0 + (-4 - (-12 - -6))
-5
5 + -6 + -3 + -3 + 3
-4
Calculate (0 - 3) + -5 + 8 - 0.
0
What is -26 - (-13 + 4) - -14?
-3
(1 - (5 + -1)) + -2
-5
10 + 1 + -28 + 24
7
What is the value of -2 - (-3 - (2 - 1))?
2
3 - (4 - 9) - -1
9
Evaluate 3 - (9 + (-1 - 5) - 3).
3
-1 - (-1 + -3 - -4)
-1
What is -3 + (2 - 2) + 6?
3
(-2 - 2) + 6 + -7 + 5
0
What is 2 + (2 - 1) - (-14 - -21)?
-4
Calculate 5 + (2 - (10 + -13)).
10
Calculate (-8 - -4 - (0 - -1)) + 4.
-1
What is the value of -1 - (1 - (-3 + 6 - 4))?
-3
What is 4 + (5 - 1 - (-2 - -3))?
7
(2 - 11) + 13 + -3 + 6
7
What is the value of -11 - (-11 - (7 + -10))?
-3
What is -12 + 10 + (-14 + 8 - -3)?
-5
(-4 - -5) + -3 - -2
0
(3 - 0) + 1 - (-42 - -40)
6
What is -1 - (1 - (5 + -2 - 3))?
-2
Calculate (-1 - -4) + (6 - 8) - 3.
-2
What is (-5 - 0) + 2 + (0 - -1)?
-2
What is 1 + (1 - (-2 + 3)) + 1?
2
Calculate -3 + 1 + 1 - (51 - 50).
-2
What is 7 + -4 + -2 + 5?
6
What is (1 - -13 - 3) + -5 - 2?
4
-11 - -6 - (-5 - 1)
1
16 + -16 + 5 + -2
3
-9 + 17 + (-10 - -1)
-1
Evaluate 6 - (6 + -9 + (0 - -4)).
5
What is the value of -2 + -21 + 7 + 11?
-5
2 - (2 + 3 + -2)
-1
What is -2 - -2 - 9 - -6?
-3
-2 - ((-6 - (1 + -1)) + 3)
1
-68 - -69 - (0 - -1)
0
Evaluate 2 - (3 - (5 - 3)).
1
What is the value of (-3 - 0) + 1 + 0 + -1?
-3
What is the value of (-3 - -2) + (0 - 2)?
-3
-9 - (3 + -3 + -4)
-5
5 - 5 - (2 + 3)
-5
Evaluate 14 - (-2 + -3 - (10 - 23)).
6
What is the value of (5 + 2 - (4 - 1)) + 1?
5
Calculate -5 - 1 - (35 + -23 - 16).
-2
-3 + 9 + -1 + -1
4
Evaluate -5 + 1 + 0 + 12.
8
What is (7 - (4 + 1) - -1) + 2?
5
What is the value of (-1 + -6 - -2 - -3) + -2?
-4
Evaluate 14 - 10 - (0 + 4).
0
1 + (-4 - -2) + (20 - 22)
-3
(-20 - -26) + -2 + 5
9
-3 + 6 - (0 - -3 - 2)
2
What is the value of 4 + (5 - (3 - -2) - 3)?
1
Evaluate 2 + 0 + (24 - 31) + 3.
-2
Calculate 6 - (12 + -4) - -1.
-1
12 - (-3 + 12 + 9)
-6
Calculate 7 + (-15 + 3 - -7).
2
What is -2 - (-4 + 1 - (17 - 20))?
-2
Calculate 3 - 0 - 3 - 0.
0
What is 0 - (2 + -5 - -3)?
0
What is 1 + 2 - ((-1 - -2) + -3)?
5
Evaluate -1 - 0 - (-77 - -74).
2
Evaluate (-5 - -4) + -6 + 0.
-7
Evaluate 1 + 3 + (-1 + -4 - -2).
1
Evaluate -4 + (17 - (3 + (3 - 0))).
7
-5 + 17 + -13 + -6
-7
Evaluate 4 + 3 + (-15 - -6).
-2
Calculate -8 + 10 - 12 - -6.
-4
-2 - (0 + 13 + -8)
-7
What is 0 - (-1 - (-4 - (-4 + -2)))?
3
Calculate -1 + (-2 - 3 - (-21 + 12)).
3
Calculate (26 - 18) + (3 - 5).
6
Evaluate -1 + -1 - (-15 - -4 - -12).
-3
What is 1 - 7 - (-9 - -17 - 9)?
-5
What is -8 + 1 + (-2 + 7 - 2)?
-4
What is (-19 - -8 - -3) + 9?
1
What is the value of -1 + -2 - (-41 + 39)?
-1
Calculate 4 + (9 - 18 - 1).
-6
What is the value of 1 - (-5 - 0) - 3?
3
What is the value of (-7 + 3 - (-1 - -9)) + 4?
-8
Evaluate (0 - 1) + 0 - (7 - 10).
2
Calculate (0 - 1) + 0 + -3.
-4
Calculate -7 - -2 - (9 + -16) - -5.
7
1 + 2 - (-2 + 1 + -3)
7
What is the value of (2 - (3 - 4)) + -3 + 4?
4
What is the value of -4 - (2 + (8 - 13))?
-1
7 + 8 + (-2 - 11)
2
(-10 - (0 + -1)) + 13
4
What is 4 + (4 - 7) + 0 - -3?
4
Calculate 12 - 19 - (-8 + 1).
0
Calculate -2 - (8 - (6 - 1)).
-5
Evaluate 0 + (6 - (5 + 2)).
-1
-21 + 20 + -1 + 1 + -3
-4
Evaluate -28 + 22 + (13 - 2).
5
What is 5 - (-6 - (-19 - -8))?
0
Calculate 1 + 1 + -6 + 4 - 2.
-2
-10 - -11 - (0 + 0)
1
What is the value of (16 - 9) + (0 + 4 - 5)?
6
What is the value of (5 - 8) + 6 - 5?
-2
Evaluate 8 + 5 + -12 + 5.
6
-7 - (10 + -8 - 2)
-7
-4 - (1 - (-2 - -4))
-3
What is 2 + 2 + -42 + 31?
-7
(-3 - -4) + 6 + -5
2
-3 - (4 - 2) - -4 - 3
-4
What is the value of -4 + (-4 + 3 - -8) - 7?
-4
What is -2 + (3 - (4 - 3) - 0)?
0
What is the value of 1 + (-3 - -1) + -130 + 127?
-4
What is (1 - (-2 + 3)) + -4?
-4
What is the value of 12 + -1 + (-3 - (3 + 0))?
5
What is the value of 1 - -3 - (-9 - (-10 - 1))?
2
What is 1 + (3 - 9) + 0 + 9?
4
Calculate (-1 - -1) + 4 + 1 - 4.
1
Calculate 0 + 5 + 19 + -21.
3
What is the value of (-6 - (-3 - 4)) + -2 + 4?
3
What is 0 + (2 - 4) + -3?
-5
What is 2 + -2 + 3 - -2?
5
Calculate 0 + 5 - (-5 - -8).
2
(-1 - 2) + -3 + 0
-6
1 + (-5 - -10) - (-4 + 9)
1
-2 - (-9 + (6 - (4 - 0)))
5
(1 - (-24 - -8)) + -12
5
1 - ((0 - -2) + (1 - 4))
2
3 + 2 + (3 - 7)
1
What is -4 - (1 + (1 - 3) + 2)?
-5
Evaluate -14 - ((16 - 14) + -10).
-6
-2 + 4 + -3 + 5
4
What is the value of -4 - 2 - (-13 + 5)?
2
Evaluate (0 - 4) + 0 + 3 - 4.
-5
What is the value of (3 - -2) + -1 + (-6 - -2)?
0
What is the value of 4 + (-1 - 2) + -3 + 3?
1
Evaluate 6 + (4 + -7 - 11).
-8
Calculate 0 + 2 + 0 + 0 + -4.
-2
Calculate 10 + -7 + (2 - 0).
5
0 + 3 + (3 + 0 - 4)
2
Calculate -5 + -9 + 7 - (2 + 1).
-10
(5 - -4) + -5 - 0
4
Evaluate 3 + -3 + -3 + -2.
-5
Evaluate 9 - -2 - (-4 - -10).
5
What is 7 - 1 - (12 + -14 + 0)?
8
What is 2 + (4 - (-6 - -7)) - 5?
0
What is the value of 36 - 37 - (1 + -7)?
5
Calculate -7 + -1 + (2 - -2).
-4
Evaluate (3 - (-2 + 2)) + (-10 - -6).
-1
What is 10 - (7 - 0) - 7?
-4
What is the value of 10 - 9 - -4 - (-2 + 1)?
6
What is 8 + 0 - 14 - -10?
4
(4 + 12 - 8) + -4
4
What is the value of 3 + 4 + (-1 - (-2 + 4))?
4
-15 + -6 + 15 - -8
2
Evaluate -10 + 26 + (-9 - 1).
6
What is (1 - 1 - -9) + (14 - 15)?
8
What is the value of (3 - (5 + 6)) + (1 - -1)?
-6
Calculate 1 + -3 - (-2 + -5).
5
What is the value of 0 + 1 - (-6 + 10 + -3)?
0
What is the value of 7 - ((6 - -7) + -9)?
3
12 - ((4 - -6) + -4)
6
What is -6 + (8 - 3) - -4?
3
What is the value of 5 - 1 - 7 - (-17 + 9)?
5
What is (-1 - (6 - -1)) + 3 + 1?
-4
Calculate -2 + 6 - (-9 + 9).
4
What is the value of -17 + (-2 - -18 - 2)?
-3
What is the value of 8 + -4 - (0 - -6 - 4)?
2
What is (-1 - -1 - 6) + 161 + -156?
-1
Evaluate -5 + 13 + (-6 - -4) + -3.
3
Evaluate (3 - 2) + 36 + -33.
4
Calculate (5 - 0) + -27 + 23.
1
Evaluate (-1 - -5) + 2 - 6.
0
Evaluate -1 + (-6 - -5) + (5 - 0).
3
What is the value of 4 + -7 + 8 + 3?
8
0 + 0 + -5 + -3 + 3